 6*x**2 - 3. Let s(j) = j**3 - 9*j**2 + 10*j - 10. Let v be s(8). What is m(v)?
-3
Let m = 2 - 2. Suppose -5*s + 10 = 0, 3*c + m*s + 1 = 5*s. Suppose -9 = -6*j + c*j. Let x(p) = -p**3 + p**2 + 5*p - 4. What is x(j)?
-7
Let c(g) = 11*g**2 + 3*g + 14. Let p(s) = 4*s**2 + s + 5. Let u(r) = -6*c(r) + 17*p(r). Calculate u(1).
2
Let t be 1/((-2)/8*2). Let u be (0 - 0)*2/(-2). Let m(d) = 4*d - d + u + 0 + d**2. Give m(t).
-2
Let q(y) = -5*y**3 + 3*y**2 + 5 - y - 2 + 4*y + 6*y**3. Determine q(-2).
1
Let w(z) = -6*z**3 - 6*z**2 + 3*z. Let g(u) = 5*u**3 + 7*u**2 - 4*u. Let a(x) = -4*g(x) - 5*w(x). Determine a(-1).
-9
Let f = -7 - 1. Let q(r) = -r**2 - 9*r - 9. Give q(f).
-1
Let l = -3 + 0. Let f(c) = -3*c**3 - c**2 - 15*c - 6. Let r(w) = w**2 + 4*w**3 - 2*w**3 + 9*w - w + 3. Let k(u) = l*f(u) - 5*r(u). Calculate k(-3).
-3
Let d be (-6)/(-9) + 5/(-3). Let p(z) = -2*z**2 + 2*z + 1. What is p(d)?
-3
Suppose -30 + 130 = -5*r. Let p be ((-2)/4)/((-10)/r). Let c(m) = 13*m**3 - m**2 - 2*m - 1. Calculate c(p).
-13
Let s(d) = 2*d + 7. Suppose -3*m - 3 = 2*w, 0*w - 3*w - 4*m = 6. What is s(w)?
-5
Let b(h) = h**3 + 5*h**2 - 8*h - 7. Let o be b(-6). Let m(c) = -6*c + 12*c**2 + 3 - c**3 - 6*c**2 + 4*c - 6. Determine m(o).
12
Let c(g) = -g**2 + 3*g - 7. Let a(x) = -x**2 + 3*x - 8. Let l(p) = 4*a(p) - 5*c(p). Let t = 6 + -3. Determine l(t).
3
Suppose -2*k - 4*f = -f, 5*k + 4*f = -7. Let y(m) be the third derivative of m**4/12 + m**2. What is y(k)?
-6
Let v(r) = -7*r**2 + 0*r + 6*r**2 + 5*r + 2*r**2 + 3. Calculate v(-6).
9
Suppose m = 2*i - 0*i, 0 = 5*i - 3*m + 2. Suppose -5*f + 27 = i. Let a(d) = -f*d + d - d**2 - 2*d. Determine a(-3).
9
Suppose 4*o - 6*b - 13 = -b, 0 = o - b - 3. Let z = o + -3. Let f(p) = p**2 + 2*p + 1. Calculate f(z).
0
Let a be (-90)/(-25) + (-2)/(-5). Let b = -5 - -11. Let s(g) = -g**2 + b + 4*g + g - 7. Calculate s(a).
3
Let o(i) be the third derivative of -i**5/5 + 23*i**2. Determine o(-1).
-12
Suppose 5*l - t = -86, -2*l - 2*t - 28 = -4*t. Let i be -6*1*15/l. Let b(k) = -k**2 + 7*k - 5. Determine b(i).
5
Let c(f) be the first derivative of f**4/4 + 7*f**3/3 + f + 4. Let n be c(-7). Let u(r) = r**2 - 2*r + 4*r**2 + 2 - 1. What is u(n)?
4
Let u(h) = 6 - 7*h + 2*h - 8. Let s = 5 - 8. What is u(s)?
13
Let f(c) be the second derivative of c**5/20 + c**4/4 + c**3/2 + c**2/2 - c. Suppose 0 = -4*o - 3 - 5. Determine f(o).
-1
Let z(j) = j**3 + j**2 + j - 4. Let c = 1 - 1. Suppose c = -2*s + 5*s. Give z(s).
-4
Let i(z) = -z**2 + 4*z + 2. Let c = 18 - 10. Suppose -5*f + 26 - c = -2*r, 5*r + 10 = -5*f. Suppose b - 5*s = 0, f*s = 3*b + 2*b - 23. Give i(b).
-3
Let x(q) = -2. Let b(y) = -y - 2. Let g(s) = 5*b(s) - 6*x(s). Let n(m) = -21*m + 7. Let c(a) = -9*g(a) + 2*n(a). Determine c(4).
8
Let z be 6/9 - 14/3. Let b(t) = 1. Let n(x) = 8*x - 11. Let i(d) = -23*d + 32. Let y(q) = 6*i(q) + 17*n(q). Let u(r) = -4*b(r) + y(r). Determine u(z).
9
Suppose 2*b - 5*o + 13 = 0, -5*b + 2*b - 2*o + 28 = 0. Suppose 2*a - 3*m = -a + b, 3*a - 4*m - 5 = 0. Let s(y) = y**2 - 2*y - 2. Calculate s(a).
1
Let m(x) = -6 + 4*x - 38*x**2 + 24*x**2 + 15*x**2. Suppose -5*v = -d + 28, -d = -4*v - 0*d - 23. What is m(v)?
-1
Let f(p) = 1. Let z(a) = -a - 7. Let d(i) = 2*f(i) + z(i). Let g(t) be the first derivative of t**2 + 7*t + 2. Let b be g(-6). Give d(b).
0
Let m(h) be the first derivative of 3*h**4/4 - 4*h**3/3 + 3*h**2/2 - h + 5. Determine m(2).
13
Let g(p) = p**3 - 5*p**2 + 3*p - 3. Let w(v) = v**2 - 13. Let n be w(0). Let u(f) = 10*f**3 + f**2 - f - 1. Let t be u(-1). Let q = t - n. Calculate g(q).
-7
Let s(d) = d**2 + 5. Let q be s(0). Suppose 2*c + 12 = q*c. Let z(v) = 9 - v + 0*v + 0*v. Determine z(c).
5
Suppose 0 = 6*t - 3*t. Let q(x) = -x**2 - 10 + 9*x + 10*x - 18*x. Determine q(t).
-10
Let s(h) = 9*h**3 - 7*h**2 + 7*h - 3. Let o(d) = 5*d**3 - 3*d**2 + 3*d - 1. Let w(c) = 5*o(c) - 2*s(c). Give w(-1).
-8
Let q(w) = -w**2 - 3*w - 1. Let r(f) = f. Let k(y) = q(y) + 4*r(y). What is k(0)?
-1
Let z(j) be the second derivative of 1/2*j**2 - 1/12*j**4 - 5*j + 1/4*j**5 + 0 + 0*j**3. Calculate z(-1).
-5
Let z be ((-2)/(-4))/((-3)/(-30)). Suppose 0 = -z*r - 4*f - 29, -3*f = -2*r - 1 - 6. Let s(o) = -3*o - 3 + 5*o - 4*o + 0*o. Give s(r).
7
Let q(r) = r**2 + 9. Let f be (-6 + 6)/(1/(-2)*-4). What is q(f)?
9
Let f(q) = q**2 + q - 4. Let c(g) = 6*g**2 + g**3 + 1 - 2*g**2 + 0*g**3. Let r be c(-4). Let x be (-1)/1 + r/1. Determine f(x).
-4
Let k(p) = -3 - 3*p + p**2 + 2*p + 0. Suppose 5*r - 5 = 10. Let f(g) = -g**3 + 2*g**2 + 2*g. Let u be f(r). Calculate k(u).
9
Let t(p) = 1 + p**3 - 6*p + 0*p + 5*p - 5*p**2. What is t(5)?
-4
Suppose 4*j = -5*x - 8 - 46, -3*x + 16 = -2*j. Let q(w) = -w**3 - 10*w**2 + 9*w + 2. Let h be q(j). Let u(y) = h - 24 - y. Give u(5).
-5
Let o(r) = -11*r**3 + 5*r**2 + 6*r - 15. Let l(f) = -7 - 2*f - 5*f**3 + 3*f + 2*f + 0*f**3 + 2*f**2. Let q(i) = 13*l(i) - 6*o(i). Calculate q(2).
-3
Let w(z) be the second derivative of -z**4/12 - z**3/2 - z**2 + 2*z. Determine w(-2).
0
Suppose 0*o = -4*h - 2*o + 4, -o + 2 = 3*h. Suppose h = -i - 4 + 7. Let w(n) = -5*n + 1. What is w(i)?
-14
Let l be ((-4)/3)/((-2)/(-6)). Suppose -3*k + a = -6, 2*a + a - 6 = -3*k. Let j(o) = -2*o**2 - o + 0*o**k + 6 - o**3 - 2*o + 10*o. Determine j(l).
10
Let u(t) = t**2 + 7*t + 6. Suppose -4 = -v - 2. Suppose -v*q + 3*q = -7. Determine u(q).
6
Suppose -z + 7*h = 3*h + 14, -18 = -3*z - 3*h. Let f(d) = 2 - 4*d - d**z - 2. Suppose -12 = 3*j + w, 0*j - 3*w = -3*j. Calculate f(j).
3
Suppose -7 = -g - 0. Let y(p) = -6*p + 7. Let t(q) = -2*q + 2. Let k(l) = g*t(l) - 2*y(l). Suppose 0 = -2*w + 5*w - 6. Determine k(w).
-4
Let b be 18/108 - (-13)/(-6). Let z(q) = -21*q + 4. Let m(u) = 10*u - 2. Let f(r) = 7*m(r) + 3*z(r). Give f(b).
-16
Let z(r) = r. Let i(t) = t**3 + 5*t**2 - t - 1. Let d be i(-3). Suppose 5 = 3*q + d. Calculate z(q).
-5
Let j(r) = 3*r - 6. Let q be 1/(2 + 26/(-14)). Suppose -3*f - 3*l = -24, 2*f - 3*l = q*f - 32. Calculate j(f).
6
Let b(h) = -h + 7. Let d be b(7). Suppose 2*u + 10 = d, -2*u - 2 = -w + 3. Let r(m) = m**2 + 5*m + 1. Give r(w).
1
Let q be (-2)/3 - 64/12. Let y be -1 + 1 + q/2. Let u(m) = -4*m + 3 - 5 + 1. What is u(y)?
11
Let h(n) = 2*n + 1. Let o = 9 - 7. Let f be h(o). Let b(u) = -2*u + 4. Calculate b(f).
-6
Let a(f) = f**3 - 3*f**2 - 5*f - 3. Let w be (9/15)/(1/(-5)). Let d(m) = m**3 - 2*m**2 - 4*m - 2. Let z(q) = w*a(q) + 4*d(q). What is z(2)?
11
Let z(u) be the third derivative of -u**4/24 + u**3/6 - 3*u**2. Let x be 0 - 1 - 1 - -1. Give z(x).
2
Let v(t) = -t**3 - 6*t**2 + 5*t + 8. Let h(c) = -5*c**3 - 30*c**2 + 24*c + 41. Let i(y) = 2*h(y) - 11*v(y). Determine i(-7).
-6
Let b(x) be the third derivative of x**4/8 + 5*x**3/6 + x**2. Let r(y) = 3*y + 4. Let f(t) = -5*b(t) + 6*r(t). Suppose 0 = 3*z - 7*z + 4. Give f(z).
2
Let j(u) = 3*u + 0*u + 0*u. Let d be j(-1). Let r(z) = -3 - 37*z**2 + 20*z**2 - 2*z + 5 + 16*z**2. Give r(d).
-1
Let f = -19 + 23. Let c(p) = 3*p - 4*p + f - 6. Calculate c(0).
-2
Suppose t = -y + 13 - 0, 3*t + 1 = 5*y. Suppose -15 = 11*l - t*l. Let a(c) = -c - 3. Give a(l).
2
Let a(j) = -j**2 - 6*j + 2. Let r be a(-6). Let n(t) = -3*t - 3 + 2*t**2 - 3 + r. Suppose -2*s + 1 + 5 = 0. Determine n(s).
5
Let p(v) = 8*v + 44. Let s(z) = -z - 5. Let q(i) = -6*p(i) - 52*s(i). Calculate q(3).
8
Let d(n) = -28*n - 1. Let u(t) = -83*t - 3. Let r(o) = -17*d(o) + 6*u(o). What is r(-1)?
21
Let s be ((-3)/6)/(2/(-12)). Suppose s*v - 3 = 3. Let r(i) = -i**3 + 2*i**2 + 3*i - 1. Determine r(v).
5
Let q = -10 - -14. Let v(f) = f + 4. Let t(l) = 2*l + 10. Let d(k) = -3*t(k) + 7*v(k). What is d(q)?
2
Let z be (0 + 1)*(-2 + 3). Let d(q) be the first derivative of -5*q**4/4 - q**3/3 + q**2/2 - 3. Give d(z).
-5
Let a(p) = 2*p**3 + 4*p**2 + 4*p + 2. Let j(g) = -g + 3. Let u be j(6). Let l(y) = -y - 5. Let z be l(u). Let v = -4 - z. Give a(v).
-6
Let d(l) = l**3 - 2*l**2 + l - 3. Let z be (-9)/4 - (-3)/12. Let v = z + 5. Determine d(v).
9
Suppose w + 4*r - 5 = 0, -2*w = -4*w - 3*r. Suppose 2*a = 6 - 2. Let i(y) = y - 2*y**a - 2 - y**3 + 3*y + 2 + 2. Give i(w).
-1
Let h(n) = -10*n**2 + 17*n**2 - n**3 + 1 - n - n**3 - 5*n**2. Give h(2).
-9
Let s(n) = n**3 - 2*n**2 - n + 1. Suppose 0 = 6*d - 5*d - 3. Determine s(d).
7
Suppose 0 = 3*f + 2*l - 6, 2*f = -3*l - 0 - 1. Let c = 6 - f.